late b(0).
-8
Let d(y) = y**3 - 7*y**2 - 9*y - 2. Suppose 2*i + 4*i - 48 = 0. What is d(i)?
-10
Suppose 0 = 4*o - 7 - 1. Let u(x) = 2*x - 3. Let n be u(o). Let i(g) be the third derivative of -g**5/12 - g**4/24 + g**3/6 - 2*g**2. Determine i(n).
-5
Let r = 3 - 1. Let c(f) be the third derivative of 0 + 0*f + 1/24*f**4 + 0*f**3 - f**2. Determine c(r).
2
Suppose 0*b - b = 0. Suppose b*w + 4*w = 28. Let y(o) = -2*o - w + 3*o - 3*o. Determine y(-5).
3
Suppose 2*f + f = 5*d + 49, 0 = 2*f + 3*d - 1. Let v(k) = k**3 - 8*k**2 - k + 10. Determine v(f).
2
Let z(c) = -c**3 - 4*c**2 - c. Suppose -16 = -21*t + 25*t. Give z(t).
4
Let u(y) = 13 + y - 4 - 3. Determine u(6).
12
Let n(s) be the first derivative of 2*s + 1/4*s**4 - 1/2*s**2 + 0*s**3 - 2. Calculate n(0).
2
Let n(z) = 2*z + 16. Let l(q) = q + 8. Let b(m) = 5*l(m) - 2*n(m). Determine b(-6).
2
Suppose -9*i = -10*i - 5. Let v(d) = -d**2 - 6*d - 5. Calculate v(i).
0
Suppose -3*j + 11 = 4*q - 0, 2*j - 13 = 3*q. Let h be 12/(-8) + q/(-2). Let k(w) = 4*w. Calculate k(h).
-4
Let t(x) = x**2 + 3*x + 1. Let r be t(-4). Let a = -4 - -7. Let s(b) = -5*b**2 - 2*b**a - 3*b**3 + 6 + 2*b**3 + 4*b**3. What is s(r)?
6
Let j(g) = -4*g**2 + g + 4. Let o(d) = d**2 + d - 1. Let b(y) = j(y) + 3*o(y). Give b(5).
-4
Let o(u) = -5*u**3 + 23*u**2 + 12*u + 8. Let c(z) = 3*z**3 - 15*z**2 - 8*z - 5. Let k(x) = -8*c(x) - 5*o(x). Let f = -3 - 0. Determine k(f).
6
Let i(b) be the second derivative of -b**6/360 + b**5/30 - b**4/24 + 2*b**3/3 + b. Let u(v) be the second derivative of i(v). Calculate u(5).
-6
Let j(k) be the third derivative of k**6/360 + k**5/20 + k**4/12 - k**3/6 - 6*k**2. Let d(q) be the first derivative of j(q). What is d(-6)?
2
Let p(y) = -16*y + 14*y + 6 - 3. Give p(2).
-1
Suppose 5*n + 0*n = 30. Let k(p) = p**3 - 5*p**2 - 6*p + 2. Give k(n).
2
Let v(x) be the second derivative of -x**5/120 - 5*x**3/6 + 3*x. Let l(h) be the second derivative of v(h). Determine l(4).
-4
Let r be 1/(-2) - (3 + 5/(-2)). Let o(c) = -6*c**3 + 13*c**2 + 2*c + 13. Let b(s) = -3*s**3 + 7*s**2 + s + 7. Let j(t) = -11*b(t) + 6*o(t). Calculate j(r).
4
Suppose 0 = d + 5*n - 5, 4*d - 20 = -6*n + n. Suppose -g - d - 1 = 0. Let i(l) = -l**2 - 6*l - 6. Calculate i(g).
-6
Let k(m) be the first derivative of -m**5/12 - m**4/24 + m**3/6 - m**2/2 + 3. Let r(s) be the second derivative of k(s). Determine r(1).
-5
Let r(o) be the second derivative of -1/6*o**3 - 1/20*o**5 - 5*o + 0 + 4*o**2 + 1/2*o**4. What is r(6)?
2
Let l(v) be the third derivative of -v**5/60 - 5*v**4/24 - 2*v**3/3 - v**2. Let j be -5 + (-3 - -1 - -2). Calculate l(j).
-4
Let a(b) be the first derivative of 9*b - 1/2*b**2 + 4. Let i be 0 - (-1 + 1 - 6). What is a(i)?
3
Suppose 2*y - 5*y = 3*b, 0 = -2*y + 3*b + 5. Let t(n) = 6*n - 1. Give t(y).
5
Let b(c) = c**2 + 3*c - 2. Let r(f) = f. Let g be r(-3). Determine b(g).
-2
Let g be 0/4 + (-10)/1. Let q be 4/g + (-24)/(-10). Let y be (10/3)/(q/3). Let s(u) = u**2 - 5*u + 3. Give s(y).
3
Let d be 5*(-5)/(125/10). Let h(p) = -3*p + 1. What is h(d)?
7
Let x(a) = -a**3 - 5*a**2 + 7*a - 2. Let f be x(-6). Let v(n) = -n**2 - 10*n - 3. Determine v(f).
13
Let i(x) = 3*x + 1. Let k(b) = -4*b - 2. Let r(u) = -5*i(u) - 4*k(u). Determine r(-5).
-2
Let a(c) = c. Let m(b) = 4*b + 4*b + b**2 + 6 + 2*b. Let t be m(-9). Let k be t/((-27)/(-6))*6. Give a(k).
-4
Let j(p) = -5*p**2 + 3*p - 4. Let u(f) = -14*f**2 + 9*f - 11. Let t(n) = -11*j(n) + 4*u(n). What is t(3)?
0
Let m(z) be the third derivative of z**6/120 + z**5/15 - 5*z**4/24 - z**3/3 - z**2. Suppose 5*y - 8 = 3*y. Suppose 0 = -2*a + y*a + 10. Calculate m(a).
-2
Let p(g) = -3*g - 12. Let r be p(-8). Suppose z = 3*z - r. Let l(t) = -t**3 + 7*t**2 - 7*t + 8. Calculate l(z).
2
Let d(p) be the third derivative of -5*p**4/24 - p**3/6 + 7*p**2. Give d(-4).
19
Let z be -2*(-2)/(-12)*-18. Let j be -2 - z/(-3) - -3. Let u(p) = -p**2 + 2*p - 3. Determine u(j).
-6
Let i(n) be the second derivative of -n**7/840 + n**6/60 - n**4/8 - 4*n**3/3 - 4*n. Let k(m) be the second derivative of i(m). Determine k(6).
-3
Let s(f) = -f**3 - f**2 - f + 9. Let w be (3 - (-5)/(-2))*0. What is s(w)?
9
Let y(o) = o**2 - o. Let m(f) be the second derivative of 0 + 3*f - 2*f**2 - 1/6*f**3. Let t be m(-5). What is y(t)?
0
Let a be 45/18 - 1/(-2). Let b = 0 + 2. Let c(l) = 3*l + 0*l**b - 7 + l**2 + 3 - 4*l**2 + l**3. Determine c(a).
5
Let h(a) = 0*a**2 - 4*a**2 + a**3 - a**2 + 6 - 4*a - 12. Calculate h(6).
6
Let o = 0 + 5. Suppose 3 - 1 = o*g + 4*b, -g - 4*b = 6. Let u be 12/g*1/1. Let x(l) = -l + 4. Determine x(u).
-2
Suppose 2*k + 2 = 5*v, 0 = 3*v + 2*v + 5*k - 30. Suppose -l + 1 = v*s - 2*l, -s - l = -2. Let m(d) = d + 1 + 0 + 7*d. What is m(s)?
9
Let l(f) = -2*f - 1. Let y = 7 + -1. Let n = -4 + y. Suppose n*h = -6 - 0. Determine l(h).
5
Suppose -5*t + 4 = -t. Let g = 5 - t. Let u(s) = -2*s - 1. Give u(g).
-9
Let a(x) = -3*x**2 + 2*x - 9. Let f(p) = 5*p**2 - 5*p + 16. Let l(t) = 7*a(t) + 4*f(t). What is l(-7)?
-6
Let m = 5 - 1. Let b(z) = -z**3 + 4*z**2 - z + 4. Determine b(m).
0
Let i(a) = -4*a**3 - 3*a**2 + 14*a - 3. Let j(l) = -3*l**3 - 3*l**2 + 11*l - 2. Let d(c) = 4*i(c) - 5*j(c). Let f = 0 + 3. What is d(f)?
1
Let q be (-1)/(-2) + 10/(-4). Let h = q - -6. Let s(l) be the third derivative of l**5/60 - 7*l**4/24 + 5*l**3/6 + l**2. Determine s(h).
-7
Let d be (-6 - -3)/((-2)/(-4)). Let k be (52/12)/((-2)/d). Let n(c) = 4*c + k - 15 - 3*c. Determine n(-5).
-7
Let j(g) = 1 + 4 - 4*g - 4. Calculate j(2).
-7
Suppose 0*s = s + 2. Let i(d) = d**2 - 3*d + 2. Let c(v) = v**2 - 4*v + 2. Let q(g) = s*i(g) + 3*c(g). What is q(4)?
-6
Let x be ((-3)/(-6))/((-1)/(-2)). Suppose g + 2 = -x. Let f(h) be the third derivative of h**4/8 + h**2. Determine f(g).
-9
Let p(y) = -5*y**2 - 4*y + 6. Let f(k) = 2*k**2 + 3*k - 2. Let b(s) = -2*s**2 - 4*s + 2. Let m(l) = 2*b(l) + 3*f(l). Let d(z) = -8*m(z) - 3*p(z). What is d(6)?
-14
Let q(p) = p + 2. Let u(t) = -1. Let y(h) = q(h) - 2*u(h). What is y(-6)?
-2
Let g(t) = t**3 + 4*t**2 + 3*t - 1. Let q(o) be the first derivative of 4*o + 1/2*o**2 + 2. Let d be q(-7). What is g(d)?
-1
Let b(f) = 2*f**2 + 11. Let q(k) = -k**2 - 6. Let l(r) = -r**3 + r**2 - r - 5. Let o be l(0). Let x(y) = o*q(y) - 2*b(y). Determine x(0).
8
Let q be ((-3)/6)/((-3)/6). Let o be (-1 - -5 - 1)/q. Let f(i) = -i**3 + 2*i**2 + 3*i + 3. Determine f(o).
3
Let f(d) be the third derivative of d**4/24 + d**3/2 - 4*d**2 - 1. What is f(-5)?
-2
Let q(x) be the third derivative of -x**5/60 + x**4/4 - 2*x**3/3 + 6*x**2. Give q(4).
4
Let y be -9*(12/(-9))/(-4). Let w(a) = a**3 + 4*a**2 + 5*a + 4. What is w(y)?
-2
Let s(x) be the first derivative of x**4/4 + x**3/3 - x**2 - 2*x + 38. Determine s(-2).
-2
Let k = 12 + -10. Suppose t = -v, -k*v - 10 = 7*t - 3*t. Let c(b) = -b + 4. Calculate c(v).
-1
Let s(n) = 0*n - 1 + 4 - n**2 - 5*n. Let m be 10/2 - 12/3. Let a be 4/m*-1 + -1. Calculate s(a).
3
Let g(y) = 4 - 5*y**3 + 7*y**3 - 3*y**3 + y**2 + 3*y - 3. Determine g(-2).
7
Let x(k) = -k**3 - 8*k**2 - 2*k - 11. Let t be x(-8). Suppose -t*j = -j - 20. Let d(c) = c**2 - 5*c - 4. Give d(j).
-4
Let x(k) = -k**3 - 2*k**2 + 2*k - 2. Let l(b) = -b**2 - 5*b + 1. Let y be l(-4). Let v be (-2)/4*(-1 - y). Let o = v + -6. Calculate x(o).
1
Let x(q) be the first derivative of -q**3/3 + 7*q**2/2 - 11*q - 65. What is x(9)?
-29
Let c(o) = 4*o**3 - 2*o**2 - 4*o - 16. Let p(x) = -3*x**3 + x**2 + 3*x + 16. Let l(k) = 2*c(k) + 3*p(k). Let g(b) = b**2 + 11*b. Let j be g(-11). Give l(j).
16
Let u(f) = -f + 8. Let b be -1 - (5 + -3 - -7). Let l be (-5)/b - (-1)/(-2). What is u(l)?
8
Let l = -12 + 19. Let o(u) = -2*u**2 + 2 - l*u - u**3 + 5*u**2 + 3*u. Determine o(3).
-10
Suppose 0 = 2*n - 2 - 8. Let b(m) = -m + 9*m - m**2 - 3 - n - m. Determine b(6).
-2
Let o(t) = 1 - t**2 + 3 - 2. Calculate o(3).
-7
Let u(w) = -6*w - 2. Let d = -15 - -12. Calculate u(d).
16
Let a(q) = -2*q**2 + 4*q - 7. Let z(d) be the third derivative of -d**5/60 + d**4/12 - d**3/2 + 2*d**2. Let p(s) = 2*a(s) - 5*z(s). Determine p(2).
1
Let p be (-5)/1*(-2)/(-5). Let f(j) = j - 3. Let a(q) = -2*q + 4. Let i(d) = p*a(d) - 3*f(d). Determine i(0).
1
Let l = -20 + 17. Let u be -11 + l/(-3) - -4. Let c(b) = -2*b**2 - 10*b - 6. Determine c(u).
-18
Let i(v) = -v**3 - v**2 - v - 1. Suppose -5*t = -3*t